1 a composite number?
True
Is 7992251 composite?
False
Is 2490931 composite?
False
Is 20563 composite?
False
Is 19022 a prime number?
False
Is 16793 a prime number?
False
Is 64941 composite?
True
Is 3343 a composite number?
False
Is 8663 a composite number?
False
Is 17165 a composite number?
True
Is 7613 a composite number?
True
Is 6719 prime?
True
Is 8369 a composite number?
False
Is 194309 composite?
False
Is 860779 composite?
False
Is 35755 composite?
True
Is 346601 a composite number?
False
Is 795761 prime?
True
Is 78047 composite?
True
Is 5361 prime?
False
Is 253271 a prime number?
False
Is 5534071 a composite number?
True
Is 156419 a composite number?
False
Is 141619 prime?
True
Is 3593 composite?
False
Is 9116657 composite?
True
Is 11591 composite?
True
Is 42797 prime?
True
Is 417827 a composite number?
True
Is 35981 composite?
True
Is 124247 prime?
True
Is 8641 composite?
False
Is 436963 a composite number?
False
Is 2698921 a prime number?
True
Is 6287 a prime number?
True
Is 380953 prime?
False
Is 14897 composite?
False
Is 29123 composite?
False
Is 82354 composite?
True
Is 81503 a prime number?
False
Is 16249 prime?
True
Is 70647 a prime number?
False
Is 184711 a composite number?
False
Is 38273 prime?
True
Is 418771 a prime number?
True
Is 922169 prime?
True
Is 5981 composite?
False
Is 29513 composite?
True
Is 6563 prime?
True
Is 13361 composite?
True
Is 93463 prime?
True
Is 44705 a composite number?
True
Is 26819 a composite number?
True
Is 29921 prime?
True
Is 889411 a composite number?
False
Is 463193 prime?
False
Is 129083 prime?
True
Is 367291 a prime number?
False
Is 4667 a prime number?
False
Is 30903 composite?
True
Is 17827 a composite number?
False
Is 718321 a prime number?
True
Is 6677 composite?
True
Is 1006 a composite number?
True
Is 2563039 prime?
False
Is 15441 prime?
False
Is 145241 a composite number?
True
Is 67111 a composite number?
True
Is 9967 prime?
True
Is 137909 a composite number?
False
Is 1183349 a composite number?
False
Is 3581 a composite number?
False
Is 91187 composite?
True
Is 53681 prime?
True
Is 27899 prime?
False
Is 84839 a composite number?
True
Is 37769 a composite number?
True
Is 280835 composite?
True
Is 10991 a composite number?
True
Is 28181 a prime number?
True
Is 20833 a composite number?
True
Is 55745 composite?
True
Is 17569 composite?
False
Is 532223 a composite number?
True
Is 2569 a prime number?
False
Is 31499 prime?
False
Is 5431 a prime number?
True
Is 93127 a prime number?
False
Is 2449 a prime number?
False
Is 4621 prime?
True
Is 1553 a composite number?
False
Is 116329 prime?
True
Is 33107 prime?
True
Is 1801 prime?
True
Is 226937 prime?
True
Is 202897 a prime number?
False
Is 7669 prime?
True
Is 42451 a prime number?
True
Is 923 composite?
True
Is 256019 composite?
False
Is 1090127 a prime number?
True
Is 2521 composite?
False
Is 6457 a prime number?
False
Is 3711 a prime number?
False
Is 16631 composite?
False
Is 1080602 composite?
True
Is 445141 a composite number?
False
Is 179851 a composite number?
True
Is 23011 a prime number?
True
Is 223415 prime?
False
Is 225671 a composite number?
False
Is 156185 prime?
False
Is 472103 a composite number?
False
Is 6509 a composite number?
True
Is 585251 a prime number?
True
Is 170606 a composite number?
True
Is 44629 composite?
True
Is 742033 prime?
False
Is 24169 a prime number?
True
Is 835511 prime?
True
Is 32593 a prime number?
False
Is 83891 a composite number?
False
Is 17011 composite?
False
Is 705307 composite?
False
Is 8657 composite?
True
Is 3389 a composite number?
False
Is 9917 prime?
False
Is 1532341 composite?
True
Is 23971 a composite number?
False
Is 1585577 a prime number?
False
Is 5410099 a composite number?
False
Is 16811 prime?
True
Is 1632089 a prime number?
False
Is 633331 a composite number?
True
Is 46021 prime?
True
Is 820037 prime?
True
Is 5533 a prime number?
False
Is 47761 prime?
False
Is 1703 a prime number?
False
Is 19957 composite?
True
Is 53947 a composite number?
True
Is 7827 prime?
False
Is 49447 a composite number?
True
Is 4189 a composite number?
True
Is 22109 prime?
True
Is 5471 a composite number?
False
Is 228467 prime?
False
Is 61771 a prime number?
False
Is 111319 composite?
True
Is 9406 a composite number?
True
Is 120391 prime?
True
Is 3371 a composite number?
False
Is 42519 composite?
True
Is 40889 prime?
False
Is 75967 prime?
True
Is 165323 a composite number?
True
Is 3109 prime?
True
Is 36523 a composite number?
False
Is 38669 prime?
True
Is 308174 prime?
False
Is 65497 composite?
False
Is 10559 a prime number?
True
Is 16127 prime?
True
Is 216893 a composite number?
True
Is 6739 a composite number?
True
Is 35911 prime?
True
Is 75961 prime?
False
Is 47269 composite?
False
Is 23599 a prime number?
True
Is 822631 a composite number?
False
Is 6121 composite?
False
Is 10331 a prime number?
True
Is 401623 prime?
False
Is 137633 a prime number?
True
Is 340313 a composite number?
True
Is 32933 a prime number?
True
Is 14173 composite?
False
Is 2357 a prime number?
True
Is 45481 a prime number?
True
Is 35158 composite?
True
Is 41341 prime?
True
Is 230189 a composite number?
False
Is 8605 a prime number?
False
Is 3013 composite?
True
Is 4533505 a composite number?
True
Is 32363 a prime number?
True
Is 877 a composite number?
False
Is 57983 composite?
True
Is 3989 a prime number?
True
Is 403 a composite number?
True
Is 1543 composite?
False
Is 39523 a prime number?
False
Is 52483 composite?
True
Is 559651 prime?
False
Is 59921 a composite number?
False
Is 97 a composite number?
False
Is 193519 a prime number?
False
Is 7507 a composite number?
False
Is 164443 prime?
True
Is 865 a prime number?
False
Is 1799 a composite number?
True
Is 1191557 prime?
False
Is 4152919 a prime number?
True
Is 2412797 a composite number?
False
Is 37439 prime?
False
Is 1357 composite?
True
Is 81919 a composite number?
False
Is 30931 composite?
False
Is 35 a prime number?
False
Is 4589 a prime number?
False
Is 170227 prime?
True
Is 7114 composite?
True
Is 235633 prime?
False
Is 560647 prime?
False
Is 19259 a composite number?
False
Is 22013 a composite number?
False
Is 10079 composite?
False
Is 53249 a composite number?
True
Is 111427 prime?
True
Is 903803 a composite number?
False
Is 460003 composite?
True
Is 3991 prime?
False
Is 9293 a prime number?
True
Is 111 composite?
True
Is 69221 a composite number?
False
Is 10487 a prime number?
True
Is 141397 a composite number?
False
Is 9005 prime?
False
Is 37546 a composite number?
True
Is 70937 composite?
False
Is 2437805 a prime number?
False
Is 16423 composite?
True
Is 798443 prime?
True
Is 449 composite?
False
Is 561703 composite?
False
Is 631073 composite?
True
Is 168823 composite?
True
Is 5218 prime?
False
Is 193441 a prime number?
True
Is 10279 a composite number?
True
Is 10723 composite?
False
Is 17131 composite?
True
Is 474293 composite?
True
Is 93703 prime?
True
Is 80423 a composite number?
True
Is 69191 a prime number?
True
Is 476347 a prime number?
True
Is 6161 a composite number?
True
Is 11069 prime?
True
Is 11721 prime?
False
Is 1935155 composite?
True
Is 14281 a prime number?
True
Is 127153 prime?
False
Is 1069 composite?
False
Is 2384257 a composite number?
False
Is 247255 a composite number?
True
Is 32171 a composite number?
True
Is 4201 a prime number?
True
Is 913 composite?
True
Is 19661 prime?
True
Is 65323 a prime number?
True
Is 221303 composite?
False
Is 72269 a composite number?
False
Is 114881 composite?
True
Is 35201 a composite number?
False
Is 15661 a prime number?
True
Is 619435 a composite number?
True
Is 47735 prime?
False
Is 159913 composite?
True
Is 8147 a composite number?
False
Is 1069 prime?
True
Is 566387 a prime number?
True
Is 15619 prime?
True
Is 174011 prime?
False
Is 34691 a composite number?
True
Is 105467 prime?
True
Is 103579 prime?
False
Is 436573 composite?
True
Is 5079 a composite number?
True
Is 120323 a prime number?
False
Is 1259 prime?
True
Is 1927 composite?
True
Is 110119 a prime number?
True
Is 2353697 prime?
True
Is 32313 a prime number?
False
Is 21647 a prime number?
True
Is 1073 prime?
False
Is 215095 a prime number?
False
Is 413 prime?
False
Is 10133 composite?
False
Is 62939 prime?
True
Is 155 a prime number?
False
Is 80263